{"id":6754,"date":"2023-03-12T15:08:28","date_gmt":"2023-03-12T14:08:28","guid":{"rendered":"https:\/\/www.brunnalm-hoheveitsch.at\/winter\/?page_id=6754"},"modified":"2023-03-12T15:09:07","modified_gmt":"2023-03-12T14:09:07","slug":"reservierung-die-gams","status":"publish","type":"page","link":"https:\/\/www.brunnalm-hoheveitsch.at\/winter\/reservierung-die-gams\/","title":{"rendered":"Reservierung &#8211; Die Gams"},"content":{"rendered":"\t\t<div data-elementor-type=\"wp-page\" data-elementor-id=\"6754\" class=\"elementor elementor-6754\" data-elementor-post-type=\"page\">\n\t\t\t\t\t\t<section class=\"elementor-section elementor-top-section elementor-element elementor-element-2a2c61d elementor-section-boxed elementor-section-height-default elementor-section-height-default\" data-id=\"2a2c61d\" data-element_type=\"section\">\n\t\t\t\t\t\t<div class=\"elementor-container elementor-column-gap-default\">\n\t\t\t\t\t<div class=\"elementor-column elementor-col-100 elementor-top-column elementor-element elementor-element-47ca773\" data-id=\"47ca773\" data-element_type=\"column\" data-settings=\"{&quot;background_background&quot;:&quot;classic&quot;}\">\n\t\t\t<div class=\"elementor-widget-wrap elementor-element-populated\">\n\t\t\t\t\t\t<div class=\"elementor-element elementor-element-bfbd976 elementor-widget elementor-widget-heading\" data-id=\"bfbd976\" data-element_type=\"widget\" data-widget_type=\"heading.default\">\n\t\t\t\t<div class=\"elementor-widget-container\">\n\t\t\t\t\t<h2 class=\"elementor-heading-title elementor-size-default\">Reservierungsanfrage f\u00fcr Die Gams<\/h2>\t\t\t\t<\/div>\n\t\t\t\t<\/div>\n\t\t\t\t<div class=\"elementor-element elementor-element-346bc53 elementor-widget elementor-widget-text-editor\" data-id=\"346bc53\" data-element_type=\"widget\" data-widget_type=\"text-editor.default\">\n\t\t\t\t<div class=\"elementor-widget-container\">\n\t\t\t\t\t\t\t\t\t<p style=\"text-align: center;\">Damit wir uns m\u00f6glichst bald mit Ihnen in Verbindung setzen k\u00f6nnen, ersuchen wir Sie um folgende Angaben.<\/p>\t\t\t\t\t\t\t\t<\/div>\n\t\t\t\t<\/div>\n\t\t\t\t<div class=\"elementor-element elementor-element-ac303c2 elementor-widget elementor-widget-text-editor\" data-id=\"ac303c2\" data-element_type=\"widget\" data-widget_type=\"text-editor.default\">\n\t\t\t\t<div class=\"elementor-widget-container\">\n\t\t\t\t\t\t\t\t\t<p>[Form id=&#8220;12&#8243;]<\/p>\t\t\t\t\t\t\t\t<\/div>\n\t\t\t\t<\/div>\n\t\t\t\t\t<\/div>\n\t\t<\/div>\n\t\t\t\t\t<\/div>\n\t\t<\/section>\n\t\t\t\t<\/div>\n\t\t","protected":false},"excerpt":{"rendered":"<p>Reservierungsanfrage f\u00fcr Die Gams Damit wir uns m\u00f6glichst bald mit Ihnen in Verbindung setzen k\u00f6nnen, ersuchen wir Sie um folgende Angaben. [Form id=&#8220;12&#8243;]<\/p>\n","protected":false},"author":1,"featured_media":5664,"parent":0,"menu_order":0,"comment_status":"closed","ping_status":"closed","template":"templates\/page-fullwidth_template.php","meta":{"_acf_changed":false,"footnotes":"","_links_to":"","_links_to_target":""},"class_list":["post-6754","page","type-page","status-publish","has-post-thumbnail","hentry"],"acf":[],"publishpress_future_workflow_manual_trigger":{"enabledWorkflows":[]},"_links":{"self":[{"href":"https:\/\/www.brunnalm-hoheveitsch.at\/winter\/wp-json\/wp\/v2\/pages\/6754","targetHints":{"allow":["GET"]}}],"collection":[{"href":"https:\/\/www.brunnalm-hoheveitsch.at\/winter\/wp-json\/wp\/v2\/pages"}],"about":[{"href":"https:\/\/www.brunnalm-hoheveitsch.at\/winter\/wp-json\/wp\/v2\/types\/page"}],"author":[{"embeddable":true,"href":"https:\/\/www.brunnalm-hoheveitsch.at\/winter\/wp-json\/wp\/v2\/users\/1"}],"replies":[{"embeddable":true,"href":"https:\/\/www.brunnalm-hoheveitsch.at\/winter\/wp-json\/wp\/v2\/comments?post=6754"}],"version-history":[{"count":0,"href":"https:\/\/www.brunnalm-hoheveitsch.at\/winter\/wp-json\/wp\/v2\/pages\/6754\/revisions"}],"wp:featuredmedia":[{"embeddable":true,"href":"https:\/\/www.brunnalm-hoheveitsch.at\/winter\/wp-json\/wp\/v2\/media\/5664"}],"wp:attachment":[{"href":"https:\/\/www.brunnalm-hoheveitsch.at\/winter\/wp-json\/wp\/v2\/media?parent=6754"}],"curies":[{"name":"wp","href":"https:\/\/api.w.org\/{rel}","templated":true}]}}

<div data-elementor-type="wp-page" data-elementor-id="6754" class="elementor elementor-6754" data-elementor-post-type="page">
						<section class="elementor-section elementor-top-section elementor-element elementor-element-2a2c61d elementor-section-boxed elementor-section-height-default elementor-section-height-default" data-id="2a2c61d" data-element_type="section">
						<div class="elementor-container elementor-column-gap-default">
					<div class="elementor-column elementor-col-100 elementor-top-column elementor-element elementor-element-47ca773" data-id="47ca773" data-element_type="column" data-settings="{&quot;background_background&quot;:&quot;classic&quot;}">
			<div class="elementor-widget-wrap elementor-element-populated">
						<div class="elementor-element elementor-element-bfbd976 elementor-widget elementor-widget-heading" data-id="bfbd976" data-element_type="widget" data-widget_type="heading.default">
				<div class="elementor-widget-container">
					<h2 class="elementor-heading-title elementor-size-default">Reservierungsanfrage für Die Gams</h2>				</div>
				</div>
				<div class="elementor-element elementor-element-346bc53 elementor-widget elementor-widget-text-editor" data-id="346bc53" data-element_type="widget" data-widget_type="text-editor.default">
				<div class="elementor-widget-container">
									<p style="text-align: center;">Damit wir uns möglichst bald mit Ihnen in Verbindung setzen können, ersuchen wir Sie um folgende Angaben.</p>								</div>
				</div>
				<div class="elementor-element elementor-element-ac303c2 elementor-widget elementor-widget-text-editor" data-id="ac303c2" data-element_type="widget" data-widget_type="text-editor.default">
				<div class="elementor-widget-container">
									<p>[Form id=&#8220;12&#8243;]</p>								</div>
				</div>
					</div>
		</div>
					</div>
		</section>
				</div>

<p>Reservierungsanfrage für Die Gams Damit wir uns möglichst bald mit Ihnen in Verbindung setzen können, ersuchen wir Sie um folgende Angaben. [Form id=&#8220;12&#8243;]</p>
