{"id":259,"date":"2019-09-05T07:02:39","date_gmt":"2019-09-05T07:02:39","guid":{"rendered":"https:\/\/sktperfectdemo.com\/themepack\/business\/?page_id=259"},"modified":"2024-12-18T13:55:15","modified_gmt":"2024-12-18T12:55:15","slug":"skischule_skiverleih","status":"publish","type":"page","link":"https:\/\/www.brunnalm-hoheveitsch.at\/winter\/skischule_skiverleih\/","title":{"rendered":"Ski Schule &#038; Ski Verleih"},"content":{"rendered":"\t\t<div data-elementor-type=\"wp-post\" data-elementor-id=\"259\" class=\"elementor elementor-259\" data-elementor-post-type=\"page\">\n\t\t\t\t\t\t<section class=\"elementor-section elementor-top-section elementor-element elementor-element-62cf3812 elementor-section-boxed elementor-section-height-default elementor-section-height-default\" data-id=\"62cf3812\" data-element_type=\"section\" data-settings=\"{&quot;background_background&quot;:&quot;classic&quot;}\">\n\t\t\t\t\t\t<div class=\"elementor-container elementor-column-gap-wider\">\n\t\t\t\t\t<div class=\"elementor-column elementor-col-100 elementor-top-column elementor-element elementor-element-cd98a6a\" data-id=\"cd98a6a\" data-element_type=\"column\">\n\t\t\t<div class=\"elementor-widget-wrap elementor-element-populated\">\n\t\t\t\t\t\t<div class=\"elementor-element elementor-element-7fe06ab elementor-widget elementor-widget-heading\" data-id=\"7fe06ab\" data-element_type=\"widget\" data-widget_type=\"heading.default\">\n\t\t\t\t<div class=\"elementor-widget-container\">\n\t\t\t\t\t<h2 class=\"elementor-heading-title elementor-size-default\">SKI Schule &amp; Ski Verleih<\/h2>\t\t\t\t<\/div>\n\t\t\t\t<\/div>\n\t\t\t\t\t<\/div>\n\t\t<\/div>\n\t\t\t\t\t<\/div>\n\t\t<\/section>\n\t\t\t\t<section class=\"elementor-section elementor-top-section elementor-element elementor-element-7569776 elementor-section-boxed elementor-section-height-default elementor-section-height-default\" data-id=\"7569776\" data-element_type=\"section\" data-settings=\"{&quot;background_background&quot;:&quot;classic&quot;}\">\n\t\t\t\t\t\t<div class=\"elementor-container elementor-column-gap-wider\">\n\t\t\t\t\t<div class=\"elementor-column elementor-col-50 elementor-top-column elementor-element elementor-element-4e36cf0\" data-id=\"4e36cf0\" data-element_type=\"column\">\n\t\t\t<div class=\"elementor-widget-wrap elementor-element-populated\">\n\t\t\t\t\t\t<div class=\"elementor-element elementor-element-01ff622 elementor-widget elementor-widget-image-carousel\" data-id=\"01ff622\" data-element_type=\"widget\" data-settings=\"{&quot;slides_to_show&quot;:&quot;1&quot;,&quot;navigation&quot;:&quot;none&quot;,&quot;effect&quot;:&quot;fade&quot;,&quot;autoplay&quot;:&quot;yes&quot;,&quot;autoplay_speed&quot;:5000,&quot;infinite&quot;:&quot;yes&quot;,&quot;speed&quot;:500}\" data-widget_type=\"image-carousel.default\">\n\t\t\t\t<div class=\"elementor-widget-container\">\n\t\t\t\t\t\t\t<div class=\"elementor-image-carousel-wrapper swiper\" role=\"region\" aria-roledescription=\"carousel\" aria-label=\"Bild Karussell\" dir=\"ltr\">\n\t\t\t<div class=\"elementor-image-carousel swiper-wrapper\" aria-live=\"off\">\n\t\t\t\t\t\t\t\t<div class=\"swiper-slide\" role=\"group\" aria-roledescription=\"slide\" aria-label=\"1 von 6\"><figure class=\"swiper-slide-inner\"><img decoding=\"async\" class=\"swiper-slide-image\" src=\"https:\/\/www.brunnalm-hoheveitsch.at\/winter\/wp-content\/uploads\/sites\/3\/2024\/12\/SkiSchule-1.jpg\" alt=\"SkiSchule-1\" \/><\/figure><\/div><div class=\"swiper-slide\" role=\"group\" aria-roledescription=\"slide\" aria-label=\"2 von 6\"><figure class=\"swiper-slide-inner\"><img decoding=\"async\" class=\"swiper-slide-image\" src=\"https:\/\/www.brunnalm-hoheveitsch.at\/winter\/wp-content\/uploads\/sites\/3\/2024\/12\/SkiSchule-2.jpg\" alt=\"SkiSchule-2\" \/><\/figure><\/div><div class=\"swiper-slide\" role=\"group\" aria-roledescription=\"slide\" aria-label=\"3 von 6\"><figure class=\"swiper-slide-inner\"><img decoding=\"async\" class=\"swiper-slide-image\" src=\"https:\/\/www.brunnalm-hoheveitsch.at\/winter\/wp-content\/uploads\/sites\/3\/2024\/12\/SkiSchule-3.jpg\" alt=\"SkiSchule-3\" \/><\/figure><\/div><div class=\"swiper-slide\" role=\"group\" aria-roledescription=\"slide\" aria-label=\"4 von 6\"><figure class=\"swiper-slide-inner\"><img decoding=\"async\" class=\"swiper-slide-image\" src=\"https:\/\/www.brunnalm-hoheveitsch.at\/winter\/wp-content\/uploads\/sites\/3\/2024\/12\/SkiSchule-4.jpg\" alt=\"SkiSchule-4\" \/><\/figure><\/div><div class=\"swiper-slide\" role=\"group\" aria-roledescription=\"slide\" aria-label=\"5 von 6\"><figure class=\"swiper-slide-inner\"><img decoding=\"async\" class=\"swiper-slide-image\" src=\"https:\/\/www.brunnalm-hoheveitsch.at\/winter\/wp-content\/uploads\/sites\/3\/2024\/12\/Skiverleih1.jpg\" alt=\"Skiverleih1\" \/><\/figure><\/div><div class=\"swiper-slide\" role=\"group\" aria-roledescription=\"slide\" aria-label=\"6 von 6\"><figure class=\"swiper-slide-inner\"><img decoding=\"async\" class=\"swiper-slide-image\" src=\"https:\/\/www.brunnalm-hoheveitsch.at\/winter\/wp-content\/uploads\/sites\/3\/2024\/12\/Skiverleih2.jpg\" alt=\"Skiverleih2\" \/><\/figure><\/div>\t\t\t<\/div>\n\t\t\t\t\t\t\t\n\t\t\t\t\t\t\t\t\t<\/div>\n\t\t\t\t\t\t<\/div>\n\t\t\t\t<\/div>\n\t\t\t\t<div class=\"elementor-element elementor-element-bdd59da elementor-widget elementor-widget-text-editor\" data-id=\"bdd59da\" data-element_type=\"widget\" data-widget_type=\"text-editor.default\">\n\t\t\t\t<div class=\"elementor-widget-container\">\n\t\t\t\t\t\t\t\t\t<p><strong>Skischule<\/strong> beim GamslMugl Kinderland.<br \/>Gef\u00fchrte Kurse &amp; Touren f\u00fcr Safety- und Freeski Begeisterte.<\/p><p><strong>Skiverleih<\/strong> direkt im Brunnalmzentrum.<br \/>Ski &amp; Snowboardausr\u00fcstung, Schneeschuhe und vieles mehr.<\/p>\t\t\t\t\t\t\t\t<\/div>\n\t\t\t\t<\/div>\n\t\t\t\t\t<\/div>\n\t\t<\/div>\n\t\t\t\t<div class=\"elementor-column elementor-col-50 elementor-top-column elementor-element elementor-element-0da857b\" data-id=\"0da857b\" data-element_type=\"column\">\n\t\t\t<div class=\"elementor-widget-wrap elementor-element-populated\">\n\t\t\t\t\t\t<div class=\"elementor-element elementor-element-732ebed elementor-widget elementor-widget-text-editor\" data-id=\"732ebed\" data-element_type=\"widget\" data-widget_type=\"text-editor.default\">\n\t\t\t\t<div class=\"elementor-widget-container\">\n\t\t\t\t\t\t\t\t\t<p><span style=\"text-decoration: underline;\"><strong>FELBER &#8211; SKI.BOARD.FUN<\/strong><\/span><br \/>J\u00f6rg Felber<br \/>Brunnalm 1<br \/>8664 Sankt Barbara im M\u00fcrztal<\/p><p><strong><span style=\"color: #000080;\"><i class=\"fa-phone\"><\/i> <span style=\"color: #000080;\"><a style=\"color: #000080;\" href=\"tel:+436642524758\">+43 (0) 676 4539890<\/a><\/span><br \/><span style=\"color: #000080;\"><i class=\"fa-envelope\"><\/i> <span style=\"color: #000080;\"><a style=\"color: #000080;\" href=\"mailto:skischule-felber@gmx.at\">skischule-felber@gmx.at<\/a><\/span><\/span><\/span><\/strong><\/p>\t\t\t\t\t\t\t\t<\/div>\n\t\t\t\t<\/div>\n\t\t\t\t<div class=\"elementor-element elementor-element-6115583 elementor-widget elementor-widget-text-editor\" data-id=\"6115583\" data-element_type=\"widget\" data-widget_type=\"text-editor.default\">\n\t\t\t\t<div class=\"elementor-widget-container\">\n\t\t\t\t\t\t\t\t\t<p><strong><span style=\"text-decoration: underline;\">\u00d6FFNUNGSZEITEN<\/span><\/strong><br \/>t\u00e4glich von 8:30 &#8211; 16:30 Uhr<\/p>\t\t\t\t\t\t\t\t<\/div>\n\t\t\t\t<\/div>\n\t\t\t\t<div class=\"elementor-element elementor-element-31e38e4 elementor-align-right elementor-widget elementor-widget-button\" data-id=\"31e38e4\" data-element_type=\"widget\" data-widget_type=\"button.default\">\n\t\t\t\t<div class=\"elementor-widget-container\">\n\t\t\t\t\t\t\t\t\t<div class=\"elementor-button-wrapper\">\n\t\t\t\t\t<a class=\"elementor-button elementor-button-link elementor-size-sm\" href=\"http:\/\/www.skischule-felber.at\" target=\"_blank\">\n\t\t\t\t\t\t<span class=\"elementor-button-content-wrapper\">\n\t\t\t\t\t\t<span class=\"elementor-button-icon\">\n\t\t\t\t<i aria-hidden=\"true\" class=\"fas fa-globe\"><\/i>\t\t\t<\/span>\n\t\t\t\t\t\t\t\t\t<span class=\"elementor-button-text\">Skischule Felber<\/span>\n\t\t\t\t\t<\/span>\n\t\t\t\t\t<\/a>\n\t\t\t\t<\/div>\n\t\t\t\t\t\t\t\t<\/div>\n\t\t\t\t<\/div>\n\t\t\t\t\t<\/div>\n\t\t<\/div>\n\t\t\t\t\t<\/div>\n\t\t<\/section>\n\t\t\t\t<\/div>\n\t\t","protected":false},"excerpt":{"rendered":"<p>SKI Schule &amp; Ski Verleih Skischule beim GamslMugl Kinderland.Gef\u00fchrte Kurse &amp; Touren f\u00fcr Safety- und Freeski Begeisterte. Skiverleih direkt im Brunnalmzentrum.Ski &amp; Snowboardausr\u00fcstung, Schneeschuhe und vieles mehr. FELBER &#8211; SKI.BOARD.FUNJ\u00f6rg FelberBrunnalm 18664 Sankt Barbara im M\u00fcrztal +43 (0) 676 4539890 skischule-felber@gmx.at \u00d6FFNUNGSZEITENt\u00e4glich von 8:30 &#8211; 16:30 Uhr Skischule Felber<\/p>\n","protected":false},"author":1,"featured_media":4776,"parent":0,"menu_order":0,"comment_status":"closed","ping_status":"closed","template":"templates\/page-builder.php","meta":{"_acf_changed":false,"footnotes":"","_links_to":"","_links_to_target":""},"class_list":["post-259","page","type-page","status-publish","has-post-thumbnail","hentry"],"acf":[],"publishpress_future_workflow_manual_trigger":{"enabledWorkflows":[]},"_links":{"self":[{"href":"https:\/\/www.brunnalm-hoheveitsch.at\/winter\/wp-json\/wp\/v2\/pages\/259","targetHints":{"allow":["GET"]}}],"collection":[{"href":"https:\/\/www.brunnalm-hoheveitsch.at\/winter\/wp-json\/wp\/v2\/pages"}],"about":[{"href":"https:\/\/www.brunnalm-hoheveitsch.at\/winter\/wp-json\/wp\/v2\/types\/page"}],"author":[{"embeddable":true,"href":"https:\/\/www.brunnalm-hoheveitsch.at\/winter\/wp-json\/wp\/v2\/users\/1"}],"replies":[{"embeddable":true,"href":"https:\/\/www.brunnalm-hoheveitsch.at\/winter\/wp-json\/wp\/v2\/comments?post=259"}],"version-history":[{"count":0,"href":"https:\/\/www.brunnalm-hoheveitsch.at\/winter\/wp-json\/wp\/v2\/pages\/259\/revisions"}],"wp:featuredmedia":[{"embeddable":true,"href":"https:\/\/www.brunnalm-hoheveitsch.at\/winter\/wp-json\/wp\/v2\/media\/4776"}],"wp:attachment":[{"href":"https:\/\/www.brunnalm-hoheveitsch.at\/winter\/wp-json\/wp\/v2\/media?parent=259"}],"curies":[{"name":"wp","href":"https:\/\/api.w.org\/{rel}","templated":true}]}}