{"id":19,"date":"2018-10-02T20:47:21","date_gmt":"2018-10-02T18:47:21","guid":{"rendered":"https:\/\/main.brunnalm-hoheveitsch.at\/winter\/?page_id=19"},"modified":"2025-11-14T12:06:40","modified_gmt":"2025-11-14T11:06:40","slug":"impressum","status":"publish","type":"page","link":"https:\/\/www.brunnalm-hoheveitsch.at\/winter\/impressum\/","title":{"rendered":"Impressum"},"content":{"rendered":"\t\t<div data-elementor-type=\"wp-page\" data-elementor-id=\"19\" class=\"elementor elementor-19\" data-elementor-post-type=\"page\">\n\t\t\t\t\t\t<section class=\"elementor-section elementor-top-section elementor-element elementor-element-31c482ad elementor-section-boxed elementor-section-height-default elementor-section-height-default\" data-id=\"31c482ad\" data-element_type=\"section\">\n\t\t\t\t\t\t<div class=\"elementor-container elementor-column-gap-default\">\n\t\t\t\t\t<div class=\"elementor-column elementor-col-100 elementor-top-column elementor-element elementor-element-393471f2\" data-id=\"393471f2\" data-element_type=\"column\">\n\t\t\t<div class=\"elementor-widget-wrap elementor-element-populated\">\n\t\t\t\t\t\t<div class=\"elementor-element elementor-element-5010a46 elementor-widget elementor-widget-heading\" data-id=\"5010a46\" data-element_type=\"widget\" data-widget_type=\"heading.default\">\n\t\t\t\t<div class=\"elementor-widget-container\">\n\t\t\t\t\t<h2 class=\"elementor-heading-title elementor-size-default\">Impressum<\/h2>\t\t\t\t<\/div>\n\t\t\t\t<\/div>\n\t\t\t\t<div class=\"elementor-element elementor-element-c11b20d elementor-widget elementor-widget-text-editor\" data-id=\"c11b20d\" data-element_type=\"widget\" data-widget_type=\"text-editor.default\">\n\t\t\t\t<div class=\"elementor-widget-container\">\n\t\t\t\t\t\t\t\t\t<p>Information gem\u00e4\u00df E-Commerce-Gesetz<strong><br \/><\/strong><\/p><p><strong>Firmenwortlaut:<\/strong><br \/>Freizeitbetriebe Veitsch GmbH<br \/>Brunnalm 1<br \/>8664 Sankt Barbara im M\u00fcrztal<\/p><p><i class=\"fa-phone\"><\/i> <a href=\"tel:+4338562067\" target=\"_blank\" rel=\"noopener\">+43 (0) 3856\/2067<\/a><br \/><i class=\"fa-envelope\"><\/i> <a href=\"mailto:office@freizeitbetriebe.com\" target=\"_blank\" rel=\"noopener noreferrer\">office@freizeitbetriebe.com<\/a><\/p><p><strong>Gesch\u00e4ftsf\u00fchrung<\/strong>: Oliver Freund, MBA<\/p><p><strong>UID<\/strong>: ATU53245705<br \/><strong>Firmenbuchnummer<\/strong>: FN217311a<br \/><strong>Firmensitz<\/strong>: Veitsch (St. Barbara im M\u00fcrztal)<br \/><strong>Firmenbuchgericht:<\/strong> Handelsgericht Leoben<\/p><p><strong>Rechtsform<\/strong>: Gesellschaft mit beschr\u00e4nkter Haftung<br \/>Errichtung und Betrieb von Seilbahnen und Liftanlagen bzw. Sportst\u00e4tten und \u2013anlagen, Handelsbetrieb, Gastgewerbe<\/p><p><strong>Kammerzugeh\u00f6rigkeit<\/strong>: Wirtschaftskammer \u00d6sterreich Fachgruppe der Seilbahnen<\/p><p>Offenlegung gem\u00e4\u00df \u00a7 25 Mediengesetz<br \/><i class=\"fa-envelope\"><\/i> <a href=\"mailto:office@freizeitbetriebe.com\" target=\"_blank\" rel=\"noopener noreferrer\">office@freizeitbetriebe.com<\/a><\/p><p><strong>Grundlegende Richtung des Mediums<\/strong>:<br \/>Informationen \u00fcber Produkte, Angebote und Dienstleistungen des Unternehmens<\/p>\t\t\t\t\t\t\t\t<\/div>\n\t\t\t\t<\/div>\n\t\t\t\t<div class=\"elementor-element elementor-element-51502aa elementor-widget elementor-widget-text-editor\" data-id=\"51502aa\" data-element_type=\"widget\" data-widget_type=\"text-editor.default\">\n\t\t\t\t<div class=\"elementor-widget-container\">\n\t\t\t\t\t\t\t\t\t<strong>Usage of Icons from\u00a0<\/strong>\n<ul>\n \t<li><a title=\"facebook Icons\" href=\"https:\/\/www.flaticon.com\/de\/kostenlose-icons\/facebook\">Facebook Icons erstellt von Ruslan Babkin &#8211; Flaticon<\/a><\/li>\n \t<li><a title=\"instagram Icons\" href=\"https:\/\/www.flaticon.com\/de\/kostenlose-icons\/instagram\">Instagram Icons erstellt von Freepik &#8211; Flaticon<\/a><\/li>\n \t<li><a title=\"youtube Icons\" href=\"https:\/\/www.flaticon.com\/de\/kostenlose-icons\/youtube\">Youtube Icons erstellt von Rakib Hassan Rahim &#8211; Flaticon<\/a><\/li>\n \t<li><a title=\"skifahren Icons\" href=\"https:\/\/www.flaticon.com\/de\/kostenlose-icons\/skifahren\">Skifahren Icons erstellt von Freepik &#8211; Flaticon<\/a><\/li>\n \t<li><a title=\"job icons\" href=\"https:\/\/www.flaticon.com\/free-icons\/job\">Job icons created by Freepik &#8211; Flaticon<\/a><\/li>\n \t<li><a title=\"public service icons\" href=\"https:\/\/www.flaticon.com\/free-icons\/public-service\">Public service icons created by Iconjam &#8211; Flaticon<\/a><\/li>\n \t<li><a title=\"ski icons\" href=\"https:\/\/www.flaticon.com\/free-icons\/ski\">Ski icons created by Freepik &#8211; Flaticon<\/a><\/li>\n \t<li><a title=\"mountain icons\" href=\"https:\/\/www.flaticon.com\/free-icons\/mountain\">Mountain icons created by Freepik &#8211; Flaticon<\/a><\/li>\n \t<li><a title=\"Slope icons\" href=\"https:\/\/www.flaticon.com\/free-icons\/slope\">Slope icons created by surang &#8211; Flaticon<\/a><\/li>\n \t<li><a title=\"valley icons\" href=\"https:\/\/www.flaticon.com\/free-icons\/valley\">Valley icons created by Prosymbols Premium &#8211; Flaticon<\/a><\/li>\n \t<li><a href=\"https:\/\/www.freepik.com\/free-photo\/hands-making-team_928713.htm#query=team&amp;position=42&amp;from_view=search&amp;track=sph\">Image by creativeart<\/a> on Freepik<\/li>\n \t<li><a title=\"supermarkt Icons\" href=\"https:\/\/www.flaticon.com\/de\/kostenlose-icons\/supermarkt\">Supermarkt Icons erstellt von Freepik &#8211; Flaticon<\/a><\/li>\n \t<li><a title=\"parking icons\" href=\"https:\/\/www.flaticon.com\/free-icons\/parking\">Parking icons created by Freepik &#8211; Flaticon<\/a><\/li>\n \t<li><a title=\"party icons\" href=\"https:\/\/www.flaticon.com\/free-icons\/party\">Party icons created by wanicon &#8211; Flaticon<\/a><\/li>\n \t<li><a title=\"champagne glass icons\" href=\"https:\/\/www.flaticon.com\/free-icons\/champagne-glass\">Champagne glass icons created by Freepik &#8211; Flaticon<\/a><\/li>\n \t<li><a title=\"party icons\" href=\"https:\/\/www.flaticon.com\/free-icons\/party\">Party icons created by Smashicons &#8211; Flaticon<\/a><\/li>\n \t<li><a title=\"wine tasting icons\" href=\"https:\/\/www.flaticon.com\/free-icons\/wine-tasting\">Wine tasting icons created by surang &#8211; Flaticon<\/a><\/li>\n \t<li><a href=\"https:\/\/www.flaticon.com\/free-icons\/skiing\" title=\"skiing icons\">Skiing icons created by Freepik &#8211; Flaticon<\/a><\/li>\n<\/ul>\t\t\t\t\t\t\t\t<\/div>\n\t\t\t\t<\/div>\n\t\t\t\t<div class=\"elementor-element elementor-element-3bc9dee elementor-widget elementor-widget-heading\" data-id=\"3bc9dee\" data-element_type=\"widget\" data-widget_type=\"heading.default\">\n\t\t\t\t<div class=\"elementor-widget-container\">\n\t\t\t\t\t<h2 class=\"elementor-heading-title elementor-size-default\">Copyright<\/h2>\t\t\t\t<\/div>\n\t\t\t\t<\/div>\n\t\t\t\t<div class=\"elementor-element elementor-element-8f90c07 elementor-widget elementor-widget-text-editor\" data-id=\"8f90c07\" data-element_type=\"widget\" data-widget_type=\"text-editor.default\">\n\t\t\t\t<div class=\"elementor-widget-container\">\n\t\t\t\t\t\t\t\t\t<p>Der Inhalt dieser Homepage ist urheberrechtlich gesch\u00fctzt. Die Informationen sind nur f\u00fcr die pers\u00f6nliche Verwendung bestimmt. Jede weitere Nutzung insbesondere die Speicherung in Datenbanken, Vervielf\u00e4ltigung und jede Form von gewerblicher Nutzung sowie die Weitergabe an Dritte auch in Teilen oder in \u00fcberarbeiteter Form ohne Zustimmung der jeweiligen Organisation ist untersagt. Ausgenommen sind die Verwendung der Bilder und Pressetexte der Seite, diese k\u00f6nnen nach Angabe der Quelle verwendet werden.<\/p>\t\t\t\t\t\t\t\t<\/div>\n\t\t\t\t<\/div>\n\t\t\t\t<div class=\"elementor-element elementor-element-b6eb27d elementor-widget elementor-widget-heading\" data-id=\"b6eb27d\" data-element_type=\"widget\" data-widget_type=\"heading.default\">\n\t\t\t\t<div class=\"elementor-widget-container\">\n\t\t\t\t\t<h2 class=\"elementor-heading-title elementor-size-default\">Haftung f\u00fcr Inhalte<\/h2>\t\t\t\t<\/div>\n\t\t\t\t<\/div>\n\t\t\t\t<div class=\"elementor-element elementor-element-03904f3 elementor-widget elementor-widget-text-editor\" data-id=\"03904f3\" data-element_type=\"widget\" data-widget_type=\"text-editor.default\">\n\t\t\t\t<div class=\"elementor-widget-container\">\n\t\t\t\t\t\t\t\t\t<p>Die Inhalte unserer Seiten wurden mit gr\u00f6\u00dfter Sorgfalt erstellt. F\u00fcr die Richtigkeit, Vollst\u00e4ndigkeit und Aktualit\u00e4t der Inhalte k\u00f6nnen wir jedoch keine Gew\u00e4hr \u00fcbernehmen. S\u00e4mtliche auf den Seiten angef\u00fchrten Preise in EUR. Irrt\u00fcmer, Tippfehler &amp; Preis\u00e4nderungen vorbehalten.<\/p>\t\t\t\t\t\t\t\t<\/div>\n\t\t\t\t<\/div>\n\t\t\t\t<div class=\"elementor-element elementor-element-b60de0f elementor-widget elementor-widget-heading\" data-id=\"b60de0f\" data-element_type=\"widget\" data-widget_type=\"heading.default\">\n\t\t\t\t<div class=\"elementor-widget-container\">\n\t\t\t\t\t<h2 class=\"elementor-heading-title elementor-size-default\">Haftung f\u00fcr Links<\/h2>\t\t\t\t<\/div>\n\t\t\t\t<\/div>\n\t\t\t\t<div class=\"elementor-element elementor-element-07e9302 elementor-widget elementor-widget-text-editor\" data-id=\"07e9302\" data-element_type=\"widget\" data-widget_type=\"text-editor.default\">\n\t\t\t\t<div class=\"elementor-widget-container\">\n\t\t\t\t\t\t\t\t\t<p>Unsere Website enth\u00e4lt Links zu externen Wesbiten bzw. Websiten Dritter, auf deren Inhalt wir keinen Einfluss aus\u00fcben k\u00f6nnen. Deshalb k\u00f6nnen wir f\u00fcr diese fremden Inhalte keine Gew\u00e4hr \u00fcbernehmen. Die Links wurden bei Eintragung auf unsere Website \u00fcberpr\u00fcft und wiesen zu dieser Zeit keine Rechtswidrigkeiten auf.<\/p>\t\t\t\t\t\t\t\t<\/div>\n\t\t\t\t<\/div>\n\t\t\t\t<div class=\"elementor-element elementor-element-80cebd4 elementor-widget elementor-widget-text-editor\" data-id=\"80cebd4\" data-element_type=\"widget\" data-widget_type=\"text-editor.default\">\n\t\t\t\t<div class=\"elementor-widget-container\">\n\t\t\t\t\t\t\t\t\t<p>Irrt\u00fcmer, Satz- &amp; Druckfehler vorbehalten!<\/p>\t\t\t\t\t\t\t\t<\/div>\n\t\t\t\t<\/div>\n\t\t\t\t<div class=\"elementor-element elementor-element-1628cee elementor-widget elementor-widget-heading\" data-id=\"1628cee\" data-element_type=\"widget\" data-widget_type=\"heading.default\">\n\t\t\t\t<div class=\"elementor-widget-container\">\n\t\t\t\t\t<h2 class=\"elementor-heading-title elementor-size-default\"><a href=\"https:\/\/www.brunnalm-hoheveitsch.at\/winter\/datenschutz\" target=\"_blank\">Datenschutzrichtlinien<\/a><\/h2>\t\t\t\t<\/div>\n\t\t\t\t<\/div>\n\t\t\t\t<div class=\"elementor-element elementor-element-d14ad34 elementor-widget elementor-widget-heading\" data-id=\"d14ad34\" data-element_type=\"widget\" data-widget_type=\"heading.default\">\n\t\t\t\t<div class=\"elementor-widget-container\">\n\t\t\t\t\t<h2 class=\"elementor-heading-title elementor-size-default\"><a href=\"https:\/\/www.brunnalm-hoheveitsch.at\/winter\/allgemeine-geschaeftsbedingungen\/\" target=\"_blank\">Allgemeine Gesch\u00e4ftsbedingungen<\/a><\/h2>\t\t\t\t<\/div>\n\t\t\t\t<\/div>\n\t\t\t\t\t<\/div>\n\t\t<\/div>\n\t\t\t\t\t<\/div>\n\t\t<\/section>\n\t\t\t\t<\/div>\n\t\t","protected":false},"excerpt":{"rendered":"<p>Impressum Information gem\u00e4\u00df E-Commerce-Gesetz Firmenwortlaut:Freizeitbetriebe Veitsch GmbHBrunnalm 18664 Sankt Barbara im M\u00fcrztal +43 (0) 3856\/2067 office@freizeitbetriebe.com Gesch\u00e4ftsf\u00fchrung: Oliver Freund, MBA UID: ATU53245705Firmenbuchnummer: FN217311aFirmensitz: Veitsch (St. Barbara im M\u00fcrztal)Firmenbuchgericht: Handelsgericht Leoben Rechtsform: Gesellschaft mit beschr\u00e4nkter HaftungErrichtung und Betrieb von Seilbahnen und Liftanlagen bzw. Sportst\u00e4tten und \u2013anlagen, Handelsbetrieb, Gastgewerbe Kammerzugeh\u00f6rigkeit: Wirtschaftskammer \u00d6sterreich Fachgruppe der Seilbahnen Offenlegung gem\u00e4\u00df<br \/><a class=\"moretag\" href=\"https:\/\/www.brunnalm-hoheveitsch.at\/winter\/impressum\/\">+ Read More<\/a><\/p>\n","protected":false},"author":1,"featured_media":4781,"parent":0,"menu_order":0,"comment_status":"closed","ping_status":"closed","template":"templates\/page-fullwidth_template.php","meta":{"_acf_changed":false,"footnotes":"","_links_to":"","_links_to_target":""},"class_list":["post-19","page","type-page","status-publish","has-post-thumbnail","hentry"],"acf":[],"publishpress_future_workflow_manual_trigger":{"enabledWorkflows":[]},"_links":{"self":[{"href":"https:\/\/www.brunnalm-hoheveitsch.at\/winter\/wp-json\/wp\/v2\/pages\/19","targetHints":{"allow":["GET"]}}],"collection":[{"href":"https:\/\/www.brunnalm-hoheveitsch.at\/winter\/wp-json\/wp\/v2\/pages"}],"about":[{"href":"https:\/\/www.brunnalm-hoheveitsch.at\/winter\/wp-json\/wp\/v2\/types\/page"}],"author":[{"embeddable":true,"href":"https:\/\/www.brunnalm-hoheveitsch.at\/winter\/wp-json\/wp\/v2\/users\/1"}],"replies":[{"embeddable":true,"href":"https:\/\/www.brunnalm-hoheveitsch.at\/winter\/wp-json\/wp\/v2\/comments?post=19"}],"version-history":[{"count":9,"href":"https:\/\/www.brunnalm-hoheveitsch.at\/winter\/wp-json\/wp\/v2\/pages\/19\/revisions"}],"predecessor-version":[{"id":8264,"href":"https:\/\/www.brunnalm-hoheveitsch.at\/winter\/wp-json\/wp\/v2\/pages\/19\/revisions\/8264"}],"wp:featuredmedia":[{"embeddable":true,"href":"https:\/\/www.brunnalm-hoheveitsch.at\/winter\/wp-json\/wp\/v2\/media\/4781"}],"wp:attachment":[{"href":"https:\/\/www.brunnalm-hoheveitsch.at\/winter\/wp-json\/wp\/v2\/media?parent=19"}],"curies":[{"name":"wp","href":"https:\/\/api.w.org\/{rel}","templated":true}]}}