{"id":853,"date":"2023-04-01T21:52:13","date_gmt":"2023-04-01T19:52:13","guid":{"rendered":"https:\/\/www.brunnalm-hoheveitsch.at\/sommer\/?page_id=853"},"modified":"2025-08-29T18:46:27","modified_gmt":"2025-08-29T16:46:27","slug":"die-gams","status":"publish","type":"page","link":"https:\/\/www.brunnalm-hoheveitsch.at\/sommer\/die-gams\/","title":{"rendered":"Die Gams"},"content":{"rendered":"\t\t<div data-elementor-type=\"wp-page\" data-elementor-id=\"853\" class=\"elementor elementor-853\" data-elementor-post-type=\"page\">\n\t\t\t\t\t\t<section class=\"elementor-section elementor-top-section elementor-element elementor-element-7eebe9a elementor-reverse-mobile elementor-section-boxed elementor-section-height-default elementor-section-height-default\" data-id=\"7eebe9a\" data-element_type=\"section\">\n\t\t\t\t\t\t<div class=\"elementor-container elementor-column-gap-default\">\n\t\t\t\t\t<div class=\"elementor-column elementor-col-50 elementor-top-column elementor-element elementor-element-74e1d43\" data-id=\"74e1d43\" data-element_type=\"column\">\n\t\t\t<div class=\"elementor-widget-wrap elementor-element-populated\">\n\t\t\t\t\t\t<div class=\"elementor-element elementor-element-dafe55b elementor-widget elementor-widget-image\" data-id=\"dafe55b\" data-element_type=\"widget\" data-widget_type=\"image.default\">\n\t\t\t\t<div class=\"elementor-widget-container\">\n\t\t\t\t\t\t\t\t\t\t\t\t\t\t\t<img decoding=\"async\" src=\"https:\/\/www.brunnalm-hoheveitsch.at\/sommer\/wp-content\/uploads\/sites\/2\/elementor\/thumbs\/DieGams-Logo-bluepng-q4flh1t1da7rip4be8hzs40x7s0x8vnatoaw8txnqi.png\" title=\"DieGams-Logo-bluepng\" alt=\"DieGams-Logo-bluepng\" loading=\"lazy\" \/>\t\t\t\t\t\t\t\t\t\t\t\t\t\t\t<\/div>\n\t\t\t\t<\/div>\n\t\t\t\t<div class=\"elementor-element elementor-element-0dbe310 elementor-widget elementor-widget-text-editor\" data-id=\"0dbe310\" data-element_type=\"widget\" data-widget_type=\"text-editor.default\">\n\t\t\t\t<div class=\"elementor-widget-container\">\n\t\t\t\t\t\t\t\t\tIm Panoramarestaurant erwartet euch auch in diesem Sommer eine vielf\u00e4ltigen Auswahl an kulinarischen Gen\u00fcssen. Unsere K\u00fcche zaubert wie gewohnt traditionelle Hausmannskost, aber auch einige neue k\u00f6stliche Gerichte warten darauf, von euch entdeckt zu werden. \t\t\t\t\t\t\t\t<\/div>\n\t\t\t\t<\/div>\n\t\t\t\t<div class=\"elementor-element elementor-element-79fd2dd elementor-widget elementor-widget-heading\" data-id=\"79fd2dd\" data-element_type=\"widget\" data-widget_type=\"heading.default\">\n\t\t\t\t<div class=\"elementor-widget-container\">\n\t\t\t\t\t<h2 class=\"elementor-heading-title elementor-size-default\">\"Die GAMS\" - Gutscheine<\/h2>\t\t\t\t<\/div>\n\t\t\t\t<\/div>\n\t\t\t\t<div class=\"elementor-element elementor-element-303a09b elementor-widget elementor-widget-text-editor\" data-id=\"303a09b\" data-element_type=\"widget\" data-widget_type=\"text-editor.default\">\n\t\t\t\t<div class=\"elementor-widget-container\">\n\t\t\t\t\t\t\t\t\t<p>Sie m\u00f6chten einen urigen Gutschein verschenken? Dann ist ein Wertgutschein f\u00fcr &#8222;<strong>Die Gams<\/strong>&#8220; genau das Richtige. Gutscheine k\u00f6nnen Sie <strong>online bestellen<\/strong> und im Anschluss an die Bezahlung, erhalten Sie den Gutschein direkt als pdf-Dokument zum Download.<\/p>\t\t\t\t\t\t\t\t<\/div>\n\t\t\t\t<\/div>\n\t\t\t\t<div class=\"elementor-element elementor-element-e4f843f elementor-align-center elementor-widget elementor-widget-button\" data-id=\"e4f843f\" data-element_type=\"widget\" data-widget_type=\"button.default\">\n\t\t\t\t<div class=\"elementor-widget-container\">\n\t\t\t\t\t\t\t\t\t<div class=\"elementor-button-wrapper\">\n\t\t\t\t\t<a class=\"elementor-button elementor-button-link elementor-size-md\" href=\"https:\/\/my.smorder.at\/web\/locations\/9898\/giftcards\" target=\"_blank\">\n\t\t\t\t\t\t<span class=\"elementor-button-content-wrapper\">\n\t\t\t\t\t\t\t\t\t<span class=\"elementor-button-text\">Gutschein bestellen<\/span>\n\t\t\t\t\t<\/span>\n\t\t\t\t\t<\/a>\n\t\t\t\t<\/div>\n\t\t\t\t\t\t\t\t<\/div>\n\t\t\t\t<\/div>\n\t\t\t\t<div class=\"elementor-element elementor-element-894b7e1 elementor-widget elementor-widget-heading\" data-id=\"894b7e1\" data-element_type=\"widget\" data-widget_type=\"heading.default\">\n\t\t\t\t<div class=\"elementor-widget-container\">\n\t\t\t\t\t<h2 class=\"elementor-heading-title elementor-size-default\">St. Barbara Gutscheine Einl\u00f6sen<\/h2>\t\t\t\t<\/div>\n\t\t\t\t<\/div>\n\t\t\t\t<div class=\"elementor-element elementor-element-3119a4e elementor-widget elementor-widget-text-editor\" data-id=\"3119a4e\" data-element_type=\"widget\" data-widget_type=\"text-editor.default\">\n\t\t\t\t<div class=\"elementor-widget-container\">\n\t\t\t\t\t\t\t\t\t<p>In unserer Gastronomie &#8222;Die Gams&#8220;, sowie f\u00fcr alle kostenpflichtigen Attraktionen im Kinderland, k\u00f6nnt Ihr eure Sankt Barbara Gutscheine einl\u00f6sen!<\/p>\t\t\t\t\t\t\t\t<\/div>\n\t\t\t\t<\/div>\n\t\t\t\t<div class=\"elementor-element elementor-element-34663d1 elementor-widget elementor-widget-image\" data-id=\"34663d1\" data-element_type=\"widget\" data-widget_type=\"image.default\">\n\t\t\t\t<div class=\"elementor-widget-container\">\n\t\t\t\t\t\t\t\t\t\t\t\t\t\t\t<img fetchpriority=\"high\" decoding=\"async\" width=\"1024\" height=\"576\" src=\"https:\/\/www.brunnalm-hoheveitsch.at\/sommer\/wp-content\/uploads\/sites\/2\/2023\/06\/SanktBarbara-Gutschein-1024x576.jpg\" class=\"attachment-large size-large wp-image-2646\" alt=\"SanktBarbara-Gutschein\" srcset=\"https:\/\/www.brunnalm-hoheveitsch.at\/sommer\/wp-content\/uploads\/sites\/2\/2023\/06\/SanktBarbara-Gutschein-1024x576.jpg 1024w, https:\/\/www.brunnalm-hoheveitsch.at\/sommer\/wp-content\/uploads\/sites\/2\/2023\/06\/SanktBarbara-Gutschein-300x169.jpg 300w, https:\/\/www.brunnalm-hoheveitsch.at\/sommer\/wp-content\/uploads\/sites\/2\/2023\/06\/SanktBarbara-Gutschein-768x432.jpg 768w, https:\/\/www.brunnalm-hoheveitsch.at\/sommer\/wp-content\/uploads\/sites\/2\/2023\/06\/SanktBarbara-Gutschein.jpg 1500w\" sizes=\"(max-width: 1024px) 100vw, 1024px\" \/>\t\t\t\t\t\t\t\t\t\t\t\t\t\t\t<\/div>\n\t\t\t\t<\/div>\n\t\t\t\t\t<\/div>\n\t\t<\/div>\n\t\t\t\t<div class=\"elementor-column elementor-col-50 elementor-top-column elementor-element elementor-element-f87a521\" data-id=\"f87a521\" data-element_type=\"column\" data-settings=\"{&quot;background_background&quot;:&quot;classic&quot;}\">\n\t\t\t<div class=\"elementor-widget-wrap elementor-element-populated\">\n\t\t\t\t\t\t<div class=\"elementor-element elementor-element-ca32587 elementor-widget elementor-widget-heading\" data-id=\"ca32587\" data-element_type=\"widget\" data-widget_type=\"heading.default\">\n\t\t\t\t<div class=\"elementor-widget-container\">\n\t\t\t\t\t<h2 class=\"elementor-heading-title elementor-size-default\">\u00d6ffnungszeiten Nebensaison<\/h2>\t\t\t\t<\/div>\n\t\t\t\t<\/div>\n\t\t\t\t<div class=\"elementor-element elementor-element-9d25915 elementor-widget elementor-widget-text-editor\" data-id=\"9d25915\" data-element_type=\"widget\" data-widget_type=\"text-editor.default\">\n\t\t\t\t<div class=\"elementor-widget-container\">\n\t\t\t\t\t\t\t\t\t<p style=\"text-align: center\"><b>September &amp; Oktober<\/b><\/p><p style=\"text-align: right\">Samstag &#8211; Sonntag: 11:00 &#8211; 17:00 Uhr<br \/>Warme K\u00fcche: 11:30 &#8211; 16:30 Uhr<\/p>\t\t\t\t\t\t\t\t<\/div>\n\t\t\t\t<\/div>\n\t\t\t\t<div class=\"elementor-element elementor-element-5721b14 elementor-widget elementor-widget-heading\" data-id=\"5721b14\" data-element_type=\"widget\" data-widget_type=\"heading.default\">\n\t\t\t\t<div class=\"elementor-widget-container\">\n\t\t\t\t\t<h2 class=\"elementor-heading-title elementor-size-default\">\u00d6ffnungszeiten saison &amp; an Feiertagen<\/h2>\t\t\t\t<\/div>\n\t\t\t\t<\/div>\n\t\t\t\t<div class=\"elementor-element elementor-element-fa14221 elementor-widget elementor-widget-text-editor\" data-id=\"fa14221\" data-element_type=\"widget\" data-widget_type=\"text-editor.default\">\n\t\t\t\t<div class=\"elementor-widget-container\">\n\t\t\t\t\t\t\t\t\t<p style=\"text-align: center\"><b>Juli &amp; August<\/b><\/p><p style=\"text-align: right\">Donnerstag &#8211; Sonntag: 11:00 &#8211; 17:00 Uhr<br \/>Warme K\u00fcche: 11:30 &#8211; 16:30 Uhr<\/p>\t\t\t\t\t\t\t\t<\/div>\n\t\t\t\t<\/div>\n\t\t\t\t<div class=\"elementor-element elementor-element-578907e elementor-align-center elementor-widget elementor-widget-button\" data-id=\"578907e\" data-element_type=\"widget\" data-widget_type=\"button.default\">\n\t\t\t\t<div class=\"elementor-widget-container\">\n\t\t\t\t\t\t\t\t\t<div class=\"elementor-button-wrapper\">\n\t\t\t\t\t<a class=\"elementor-button elementor-button-link elementor-size-md\" href=\"https:\/\/www.brunnalm-hoheveitsch.at\/sommer\/wp-content\/uploads\/sites\/2\/2024\/06\/Speisekarte-Sommer-2024.pdf\" target=\"_blank\">\n\t\t\t\t\t\t<span class=\"elementor-button-content-wrapper\">\n\t\t\t\t\t\t\t\t\t<span class=\"elementor-button-text\">Speisekarte<\/span>\n\t\t\t\t\t<\/span>\n\t\t\t\t\t<\/a>\n\t\t\t\t<\/div>\n\t\t\t\t\t\t\t\t<\/div>\n\t\t\t\t<\/div>\n\t\t\t\t<div class=\"elementor-element elementor-element-7e8af05 elementor-widget elementor-widget-heading\" data-id=\"7e8af05\" data-element_type=\"widget\" data-widget_type=\"heading.default\">\n\t\t\t\t<div class=\"elementor-widget-container\">\n\t\t\t\t\t<h2 class=\"elementor-heading-title elementor-size-default\">Reservierung &amp; Kontakt<\/h2>\t\t\t\t<\/div>\n\t\t\t\t<\/div>\n\t\t\t\t<div class=\"elementor-element elementor-element-447b6f4 elementor-widget elementor-widget-text-editor\" data-id=\"447b6f4\" data-element_type=\"widget\" data-widget_type=\"text-editor.default\">\n\t\t\t\t<div class=\"elementor-widget-container\">\n\t\t\t\t\t\t\t\t\t<p style=\"padding-left: 40px\"><i class=\"fa-phone\"><\/i><span style=\"color: #0b4d39\"> <a style=\"color: #0b4d39\" href=\"tel:+436769416151\">+43 (0) 676 9416 151<\/a><\/span><br \/><span style=\"color: #0b4d39\"><i class=\"fa-envelope\"><\/i> <a style=\"color: #0b4d39\" href=\"mailto:gastro@brunnalm-hoheveitsch.at\">gastro@brunnalm-hoheveitsch.at<\/a><\/span><\/p>\t\t\t\t\t\t\t\t<\/div>\n\t\t\t\t<\/div>\n\t\t\t\t<div class=\"elementor-element elementor-element-f7619f9 elementor-align-center elementor-widget elementor-widget-button\" data-id=\"f7619f9\" data-element_type=\"widget\" data-widget_type=\"button.default\">\n\t\t\t\t<div class=\"elementor-widget-container\">\n\t\t\t\t\t\t\t\t\t<div class=\"elementor-button-wrapper\">\n\t\t\t\t\t<a class=\"elementor-button elementor-button-link elementor-size-md\" href=\"https:\/\/www.brunnalm-hoheveitsch.at\/sommer\/reservierung-die-gams\/\" target=\"_blank\">\n\t\t\t\t\t\t<span class=\"elementor-button-content-wrapper\">\n\t\t\t\t\t\t\t\t\t<span class=\"elementor-button-text\">Reservierungsanfrage<\/span>\n\t\t\t\t\t<\/span>\n\t\t\t\t\t<\/a>\n\t\t\t\t<\/div>\n\t\t\t\t\t\t\t\t<\/div>\n\t\t\t\t<\/div>\n\t\t\t\t\t<\/div>\n\t\t<\/div>\n\t\t\t\t\t<\/div>\n\t\t<\/section>\n\t\t\t\t<\/div>\n\t\t","protected":false},"excerpt":{"rendered":"<p>Im Panoramarestaurant erwartet euch auch in diesem Sommer eine vielf\u00e4ltigen Auswahl an kulinarischen Gen\u00fcssen. Unsere K\u00fcche zaubert wie gewohnt traditionelle Hausmannskost, aber auch einige neue k\u00f6stliche Gerichte warten darauf, von euch entdeckt zu werden. &#8222;Die GAMS&#8220; &#8211; Gutscheine Sie m\u00f6chten einen urigen Gutschein verschenken? Dann ist ein Wertgutschein f\u00fcr &#8222;Die Gams&#8220; genau das Richtige. Gutscheine<br \/><a class=\"moretag\" href=\"https:\/\/www.brunnalm-hoheveitsch.at\/sommer\/die-gams\/\">+ Read More<\/a><\/p>\n","protected":false},"author":1,"featured_media":839,"parent":0,"menu_order":0,"comment_status":"closed","ping_status":"closed","template":"templates\/page-fullwidth_template.php","meta":{"_acf_changed":false,"footnotes":"","_links_to":"","_links_to_target":""},"class_list":["post-853","page","type-page","status-publish","has-post-thumbnail","hentry"],"acf":[],"publishpress_future_action":{"enabled":false,"date":"2026-04-12 03:43:35","action":"change-status","newStatus":"draft","terms":[],"taxonomy":""},"publishpress_future_workflow_manual_trigger":{"enabledWorkflows":[]},"_links":{"self":[{"href":"https:\/\/www.brunnalm-hoheveitsch.at\/sommer\/wp-json\/wp\/v2\/pages\/853","targetHints":{"allow":["GET"]}}],"collection":[{"href":"https:\/\/www.brunnalm-hoheveitsch.at\/sommer\/wp-json\/wp\/v2\/pages"}],"about":[{"href":"https:\/\/www.brunnalm-hoheveitsch.at\/sommer\/wp-json\/wp\/v2\/types\/page"}],"author":[{"embeddable":true,"href":"https:\/\/www.brunnalm-hoheveitsch.at\/sommer\/wp-json\/wp\/v2\/users\/1"}],"replies":[{"embeddable":true,"href":"https:\/\/www.brunnalm-hoheveitsch.at\/sommer\/wp-json\/wp\/v2\/comments?post=853"}],"version-history":[{"count":18,"href":"https:\/\/www.brunnalm-hoheveitsch.at\/sommer\/wp-json\/wp\/v2\/pages\/853\/revisions"}],"predecessor-version":[{"id":3557,"href":"https:\/\/www.brunnalm-hoheveitsch.at\/sommer\/wp-json\/wp\/v2\/pages\/853\/revisions\/3557"}],"wp:featuredmedia":[{"embeddable":true,"href":"https:\/\/www.brunnalm-hoheveitsch.at\/sommer\/wp-json\/wp\/v2\/media\/839"}],"wp:attachment":[{"href":"https:\/\/www.brunnalm-hoheveitsch.at\/sommer\/wp-json\/wp\/v2\/media?parent=853"}],"curies":[{"name":"wp","href":"https:\/\/api.w.org\/{rel}","templated":true}]}}